he ten thousands digit of 10229?
1
What is the tens digit of 4053?
5
What is the units digit of 124924?
4
What is the units digit of 2006?
6
What is the tens digit of 947?
4
What is the hundreds digit of 64729?
7
What is the tens digit of 1428?
2
What is the thousands digit of 9747?
9
What is the thousands digit of 37033?
7
What is the thousands digit of 2502?
2
What is the tens digit of 542?
4
What is the units digit of 882?
2
What is the hundreds digit of 32864?
8
What is the units digit of 7582?
2
What is the hundreds digit of 518?
5
What is the hundreds digit of 545?
5
What is the thousands digit of 3448?
3
What is the tens digit of 38054?
5
What is the thousands digit of 27829?
7
What is the thousands digit of 79134?
9
What is the ten thousands digit of 20393?
2
What is the units digit of 644?
4
What is the tens digit of 28034?
3
What is the units digit of 6252?
2
What is the hundreds digit of 49926?
9
What is the hundreds digit of 36065?
0
What is the units digit of 902?
2
What is the hundreds digit of 143156?
1
What is the ten thousands digit of 87457?
8
What is the hundreds digit of 26517?
5
What is the units digit of 25601?
1
What is the units digit of 509?
9
What is the units digit of 1101?
1
What is the tens digit of 8826?
2
What is the tens digit of 1632?
3
What is the hundreds digit of 5250?
2
What is the units digit of 37382?
2
What is the ten thousands digit of 36259?
3
What is the units digit of 47?
7
What is the tens digit of 12971?
7
What is the hundreds digit of 44154?
1
What is the units digit of 24830?
0
What is the thousands digit of 1480?
1
What is the units digit of 288?
8
What is the hundreds digit of 699?
6
What is the tens digit of 877?
7
What is the units digit of 17917?
7
What is the tens digit of 1515?
1
What is the hundreds digit of 7012?
0
What is the ten thousands digit of 13549?
1
What is the tens digit of 920?
2
What is the thousands digit of 5934?
5
What is the thousands digit of 21516?
1
What is the units digit of 162?
2
What is the thousands digit of 1542?
1
What is the units digit of 192?
2
What is the tens digit of 442?
4
What is the thousands digit of 1881?
1
What is the thousands digit of 3080?
3
What is the tens digit of 2721?
2
What is the tens digit of 1119?
1
What is the tens digit of 8293?
9
What is the units digit of 42374?
4
What is the tens digit of 26952?
5
What is the units digit of 2?
2
What is the tens digit of 1588?
8
What is the units digit of 14892?
2
What is the tens digit of 5474?
7
What is the tens digit of 380?
8
What is the thousands digit of 6141?
6
What is the units digit of 577?
7
What is the units digit of 58070?
0
What is the units digit of 2968?
8
What is the units digit of 8836?
6
What is the thousands digit of 4218?
4
What is the hundreds digit of 4220?
2
What is the ten thousands digit of 24925?
2
What is the units digit of 2846?
6
What is the units digit of 5866?
6
What is the hundreds digit of 693?
6
What is the thousands digit of 1232?
1
What is the thousands digit of 7202?
7
What is the units digit of 313?
3
What is the tens digit of 13098?
9
What is the tens digit of 2779?
7
What is the units digit of 7388?
8
What is the tens digit of 6871?
7
What is the hundreds digit of 1466?
4
What is the tens digit of 189?
8
What is the thousands digit of 22850?
2
What is the tens digit of 537?
3
What is the thousands digit of 56232?
6
What is the thousands digit of 2004?
2
What is the hundreds digit of 7206?
2
What is the thousands digit of 3498?
3
What is the hundreds digit of 20093?
0
What is the thousands digit of 1327?
1
What is the hundreds digit of 18407?
4
What is the tens digit of 413?
1
What is the tens digit of 960?
6
What is the tens digit of 885?
8
What is the tens digit of 3665?
6
What is the units digit of 791?
1
What is the tens digit of 9381?
8
What is the thousands digit of 33305?
3
What is the hundreds digit of 269?
2
What is the tens digit of 210?
1
What is the hundreds digit of 5851?
8
What is the units digit of 2998?
8
What is the thousands digit of 13808?
3
What is the hundreds digit of 715?
7
What is the thousands digit of 2047?
2
What is the tens digit of 15697?
9
What is the hundreds digit of 394?
3
What is the thousands digit of 2805?
2
What is the units digit of 1523?
3
What is the tens digit of 8478?
7
What is the tens digit of 87073?
7
What is the tens digit of 74881?
8
What is the ten thousands digit of 14826?
1
What is the tens digit of 5099?
9
What is the hundreds digit of 1702?
7
What is the units digit of 1705?
5
What is the hundreds digit of 918?
9
What is the thousands digit of 13970?
3
What is the units digit of 8390?
0
What is the tens digit of 2886?
8
What is the units digit of 52?
2
What is the tens digit of 1875?
7
What is the hundred thousands digit of 131672?
1
What is the tens digit of 1790?
9
What is the tens digit of 51384?
8
What is the units digit of 391?
1
What is the hundreds digit of 64436?
4
What is the hundreds digit of 6457?
4
What is the hundreds digit of 375?
3
What is the ten thousands digit of 37434?
3
What is the tens digit of 9716?
1
What is the units digit of 23903?
3
What is the thousands digit of 6072?
6
What is the tens digit of 7195?
9
What is the units digit of 2371?
1
What is the hundreds digit of 3875?
8
What is the ten thousands digit of 95485?
9
What is the hundreds digit of 9426?
4
What is the units digit of 12226?
6
What is the tens digit of 77?
7
What is the hundreds digit of 569?
5
What is the tens digit of 1519?
1
What is the thousands digit of 16241?
6
What is the hundred thousands digit of 157197?
1
What is the tens digit of 37407?
0
What is the tens digit of 51324?
2
What is the thousands digit of 29484?
9
What is the thousands digit of 1458?
1
What is the ten thousands digit of 11340?
1
What is the units digit of 5596?
6
What is the hundreds digit of 1689?
6
What is the tens digit of 13793?
9
What is the hundreds digit of 2140?
1
What is the thousands digit of 5722?
5
What is the tens digit of 852?
5
What is the tens digit of 61304?
0
What is the tens digit of 735?
3
What is the tens digit of 877?
7
What is the thousands digit of 10366?
0
What is the hundreds digit of 752?
7
What is the units digit of 1287?
7
What is the tens digit of 1249?
4
What is the tens digit of 157?
5
What is the units digit of 4383?
3
What is the thousands digit of 1149?
1
What is the hundreds digit of 10329?
3
What is the hundreds digit of 242?
2
What is the tens digit of 1544?
4
What is the thousands digit of 28905?
8
What is the hundreds digit of 635?
6
What is the tens digit of 2632?
3
What is the units digit of 1204?
4
What is the tens digit of 12125?
2
What is the tens digit of 311?
1
What is the thousands digit of 128115?
8
What is the thousands digit of 17645?
7
What is the hundreds digit of 11638?
6
What is the tens digit of 2599?
9
What is the units digit of 47832?
2
What is the ten thousands digit of 11778?
1
What is the units digit of 40324?
4
What is the thousands digit of 1681?
1
What is the thousands digit of 7144?
7
What is the hundreds digit of 23205?
2
What is the thousands digit of 2279?
2
What is the tens digit of 14158?
5
What is the hundreds digit of 10932?
9
What is the units digit of 25400?
0
What is the hundreds digit of 8837?
8
What is the thousands digit of 21634?
1
What is the thousands digit of 69419?
9
What is the hundreds digit of 153162?
1
What is the units digit of 51?
1
What is the units digit of 4367?
7
What is the units digit of 483?
3
What is the ten thousands digit of 74777?
7
What is the units digit of 276?
6
What is the tens digit of 804?
0
What is the hundreds digit of 39222?
2
What is the thousands digit of 8456?
8
What is the hundreds digit of 605?
6
What is the units digit of 47042?
2
What is the units digit of 6772?
2
What is the units digit of 15456?
6
What is the hundreds digit of 21626?
6
What is the units digit of 1030?
0
What is the hundreds digit of 75542?
5
What is the tens digit of 9489?
8
What is the tens digit of 3401?
0
What is the units digit of 28888?
8
What is the units digit of 176877?
7
What is the hundreds digit of 1454?
4
What is the tens digit of 56997?
9
What is the thousands digit of 7467?
7
What is the hundreds digit of 9014?
0
What is the units digit of 554